{"id":658,"date":"2022-09-29T14:06:35","date_gmt":"2022-09-29T12:06:35","guid":{"rendered":"https:\/\/www.webodesign.net\/?page_id=658"},"modified":"2023-01-01T18:34:48","modified_gmt":"2023-01-01T17:34:48","slug":"configuration-dun-serveur-vps-sur-un-systeme-linux-debian-11","status":"publish","type":"page","link":"https:\/\/www.webodesign.net\/?page_id=658","title":{"rendered":"Configuration d&rsquo;un serveur VPS sur un syst\u00e8me Linux-Debian 11"},"content":{"rendered":"\n<div class=\"wp-block-uagb-container uagb-block-7cb2540d alignfull uagb-is-root-container\"><div class=\"uagb-container-inner-blocks-wrap\">\n<div class=\"wp-block-columns is-layout-flex wp-container-11\">\n<div class=\"wp-block-column is-layout-flow\">\n<p>Abr\u00e9viation du terme <strong>Virtual Private Server<\/strong> et traduit en fran\u00e7ais par serveur priv\u00e9 virtuel, le <strong>VPS<\/strong> est un mode d\u2019h\u00e9bergement issu de la cat\u00e9gorie de service IaaS. Celui-ci se d\u00e9finit comme LA solution qui convient \u00e0 tous les types de profils. Le serveur virtuel s\u00e9duit pour de nombreuses raisons. Il op\u00e8re comme une machine virtuelle qui puise les ressources d\u2019un serveur physique. Dans ce sens, un VPS utilise un environnement virtuel en puisant dans les ressources d\u2019un serveur physique. Il vous offre<strong> les m\u00eames fonctionnalit\u00e9s qu\u2019un serveur d\u00e9di\u00e9<\/strong> et propose de meilleures performances, ainsi qu\u2019une plus grande personnalisation qu\u2019un h\u00e9bergement mutualis\u00e9. L\u2019installation et la configuration de chaque espace reviennent au propri\u00e9taire<\/p>\n\n\n\n<div class=\"qubely-block-accordion  qubely-block-d34844\" data-item-toggle=\"true\">\n<div class=\"wp-block-qubely-accordion-item qubely-block-527a9b\"><div class=\"qubely-accordion-item qubely-type-fill false\"><div class=\"qubely-accordion-panel qubely-icon-position-right\"><span class=\"qubely-accordion-panel-handler\" role=\"button\"><span class=\"qubely-accordion-panel-handler-label\">Comment fonctionne un VPS<\/span><span class=\"qubely-accordion-icon fa fa-plus\"><\/span><\/span><\/div><div class=\"qubely-accordion-body\"><div itemprop=\"text\">\n<p>Avant de commencer l\u2019installation et la configuration d\u2019un VPS, il est important de comprendre son fonctionnement. Les fournisseurs <strong>utilisent des logiciels de virtualisation<\/strong> pour permettre aux utilisateurs d\u2019acc\u00e9der \u00e0 une machine virtuelle utilisant les ressources d\u2019un serveur physique. Notons que plusieurs machines virtuelles peuvent utiliser les ressources d\u2019un seul et m\u00eame serveur physique.<\/p>\n\n\n\n<p>N\u00e9anmoins, chacune dispose d\u2019un syst\u00e8me d\u2019exploitation qui lui est propre. Chaque VM profite \u00e9galement d\u2019<strong>un acc\u00e8s \u00e0 une partie de la m\u00e9moire vive<\/strong>, du stockage et de la puissance de calcul du serveur physique. Par contre, il est important de noter que les propri\u00e9taires des machines virtuelles ne peuvent pas acc\u00e9der aux VPS des autres propri\u00e9taires utilisant le m\u00eame serveur.<\/p>\n<\/div><\/div><\/div><\/div>\n\n\n\n<div class=\"wp-block-qubely-accordion-item qubely-block-454934\"><div class=\"qubely-accordion-item qubely-type-fill false\"><div class=\"qubely-accordion-panel qubely-icon-position-right\"><span class=\"qubely-accordion-panel-handler\" role=\"button\"><span class=\"qubely-accordion-panel-handler-label\">Les diff\u00e9rents cas d\u2019usage d\u2019un serveur VPS<\/span><span class=\"qubely-accordion-icon fa fa-plus\"><\/span><\/span><\/div><div class=\"qubely-accordion-body\"><div itemprop=\"text\">\n<p>Diff\u00e9rents cas de figure peuvent n\u00e9cessiter l\u2019usage d\u2019un VPS. Nombreux sont ceux qui y ont recours pour jouer \u00e0 des <a href=\"https:\/\/www.selectronic.fr\/jeux-videos\/apple-nouveau-mac-de-jeu\/\">jeux en ligne<\/a> comme <a href=\"https:\/\/gamewave.fr\/minecraft\/minecraft-comment-changer-son-skin\/\" target=\"_blank\" rel=\"noreferrer noopener\">Minecraft<\/a>. En effet, cela permet de construire et d\u2019isoler un monde entre amis et de jouer selon ses propres r\u00e8gles avec les serveurs de jeu priv\u00e9s. En plus des performances \u00e9lev\u00e9es, vous profiterez d\u2019un graphique de qualit\u00e9 et d\u2019un gameplay sans ralentissement. Certaines entreprises privil\u00e9gient aussi l\u2019utilisation d\u2019un serveur virtuel<strong> pour l\u2019h\u00e9bergement d\u2019une plateforme multisite WordPress<\/strong>. Ce dernier rationalise le processus de conception, de lancement et de gestion des sites par le biais d\u2019outils polyvalents et de plug-ins d\u00e9di\u00e9s.<\/p>\n\n\n\n<p>L\u2019h\u00e9bergement d\u2019une plateforme multisite WordPress sur VPS vous permet de profiter d\u2019un \u00e9quilibre parfait entre flexibilit\u00e9 et performances. Vous pourrez lancer des sites attractifs et \u00e9volutifs en fonction de vos besoins. Par ailleurs, le VPS est fortement conseill\u00e9 pour l\u2019h\u00e9bergement d\u2019un sandbox. Il s\u2019agit d\u2019un environnement con\u00e7u pour le d\u00e9veloppement et l\u2019\u00e9valuation de nouveaux produits. S\u00e9par\u00e9e du reste de l\u2019infrastructure, cette plateforme vous offre <strong>une flexibilit\u00e9 totale et sans risque<\/strong> pour la mise en place de nouvelles solutions pour votre entreprise.<\/p>\n<\/div><\/div><\/div><\/div>\n<\/div>\n\n\n\n<div class=\"wp-block-uagb-advanced-heading uagb-block-d16d0dee\"><h3 class=\"uagb-heading-text\">Premi\u00e8res configurations syst\u00e8me<\/h3><\/div>\n\n\n\n<div class=\"wp-block-uagb-container uagb-block-79a7171a alignfull uagb-is-root-container\"><div class=\"uagb-container-inner-blocks-wrap\">\n<div class=\"wp-block-uagb-container uagb-block-5f2b2679\">\n<div class=\"wp-block-uagb-info-box uagb-block-8b0111d4 uagb-infobox__content-wrap  uagb-infobox-icon-above-title uagb-infobox-image-valign-top\"><div class=\"uagb-ifb-content\"><div class=\"uagb-ifb-title-wrap\"><\/div><p class=\"uagb-ifb-desc\">On utilisera le logiciel client ssh PuTTY (gratuit) afin de se connecter.<br>Ensuite, on effectuera les premi\u00e8res op\u00e9rations d&rsquo;installation, de configuration et de personnalisation du syst\u00e8me.<br><br>Lors de la premi\u00e8re installation ou d\u2019une r\u00e9installation \u00e0 partir de l\u2019espace client, un utilisateur disposant de l\u2019int\u00e9gralit\u00e9 des droits sera cr\u00e9\u00e9 et vous recevrez un e-mail contenant ses informations d\u2019identification. Le nom d\u2019utilisateur sera g\u00e9n\u00e9r\u00e9 en fonction du syst\u00e8me d\u2019exploitation, par exemple \u00ab ubuntu \u00bb ou \u00ab debian&nbsp;\u00bb.<br><br>Le protocole de communication SSH (Secure Shell) est l\u2019outil principal pour \u00e9tablir des connexions d\u2019h\u00f4te chiffr\u00e9es \u00e0 travers des r\u00e9seaux non s\u00e9curis\u00e9s. L\u2019outil OpenSSH est install\u00e9 nativement sur tous les serveurs de notre h\u00e9bergeur Contabo (VPS, Serveurs D\u00e9di\u00e9s, instances Public Cloud) afin de permettre des connexions s\u00e9curis\u00e9es \u00e0 des serveurs distants et d\u2019autres&nbsp;op\u00e9rations.<br><br>Plusieurs m\u00e9thodes existent pour authentifier une connexion \u00e0 un p\u00e9riph\u00e9rique distant via SSH.<br>M\u00eame si nous commencerons par s&rsquo;authentifier par nom d\u2019utilisateur et un mot de passe, un chapitre traitera de la m\u00e9thode d\u2019authentification qui nous am\u00e8nera \u00e0 configurer des cl\u00e9s SSH pour activer les connexions s\u00e9curis\u00e9es sans mot de passe. .<br><br>Dans un deuxi\u00e8me temps et sans attendre, on effectuera les op\u00e9rations indispensables et n\u00e9cessaires \u00e0 la s\u00e9curisation du syst\u00e8me.<\/p><\/div><\/div>\n<\/div>\n\n\n\n<div class=\"wp-block-uagb-container uagb-block-d68bedf4\">\n<div class=\"wp-block-uagb-container uagb-block-6862048d\">\n<div class=\"wp-block-uagb-container uagb-block-6a9f2ba8\">\n<div class=\"wp-block-group has-tertiary-background-color has-background is-layout-flow\" style=\"padding-top:0px;padding-right:0px;padding-bottom:0px;padding-left:0px\">\n<div class=\"wp-block-uagb-info-box uagb-block-f6402a17 uagb-infobox__content-wrap  uagb-infobox_cta-type-all uagb-infobox-icon-above-title uagb-infobox-image-valign-top\"><a href=\"https:\/\/www.webodesign.net\/?page_id=587\" class=\"uagb-infobox-link-wrap uagb-infbox__link-to-all\" target=\"_self\" aria-label=\"Infobox Link\" rel=\"noopener noreferrer\"><\/a><div class=\"uagb-ifb-content\"><div class=\"uagb-ifb-image-content\"><img decoding=\"async\" src=\"https:\/\/www.webodesign.net\/wp-content\/uploads\/2022\/10\/01-Config-Linux-ssh-00-medium.jpg\" alt=\"Administration du VPS\" width=\"600\" height=\"360\" loading=\"lazy\"\/><\/div><div class=\"uagb-ifb-title-wrap\"><h3 class=\"uagb-ifb-title\">Gestion des utilisateurs<br>Personnalisation du shell<br>Etat des lieux des adresses r\u00e9seau<\/h3><\/div><div class=\"uagb-ifb-button-wrapper wp-block-button\"><\/div><\/div><\/div>\n<\/div>\n\n\n\n<ul>\n<li>Connexion au syst\u00e8me via PuTTY<\/li>\n\n\n\n<li>Changement du mot de passe administrateur<\/li>\n\n\n\n<li>Installation de la commande \u00ab\u00a0sudo\u00a0\u00bb<\/li>\n\n\n\n<li>Configuration des pr\u00e9f\u00e9rences locales<\/li>\n\n\n\n<li>Cr\u00e9ation de l&rsquo;utilisateur qui administrera le serveur attribution de ses droits d&rsquo;acc\u00e8s et personnalisation de son espace de travail<\/li>\n<\/ul>\n<\/div>\n\n\n\n<div class=\"wp-block-uagb-container uagb-block-71f3c0c8\">\n<div class=\"wp-block-group has-background is-layout-flow\" style=\"background-color:#f6f6f6;padding-top:0px;padding-right:0px;padding-bottom:0px;padding-left:0px\">\n<div class=\"wp-block-uagb-info-box uagb-block-c59d8c64 uagb-infobox__content-wrap  uagb-infobox_cta-type-all uagb-infobox-icon-above-title uagb-infobox-image-valign-top\"><a href=\"https:\/\/www.webodesign.net\/?page_id=893\" class=\"uagb-infobox-link-wrap uagb-infbox__link-to-all\" target=\"_self\" aria-label=\"Infobox Link\" rel=\"noopener noreferrer\"><\/a><div class=\"uagb-ifb-content\"><div class=\"uagb-ifb-image-content\"><img decoding=\"async\" src=\"https:\/\/www.webodesign.net\/wp-content\/uploads\/2022\/10\/01-Config-Linux-ssh-000-medium.jpg\" alt=\"Cl\u00e9s de chiffrement SSH\" width=\"600\" height=\"360\" loading=\"lazy\"\/><\/div><div class=\"uagb-ifb-title-wrap\"><h3 class=\"uagb-ifb-title\">Configuration de l\u2019authentification SSH par cl\u00e9s de chiffrement<\/h3><\/div><div class=\"uagb-ifb-button-wrapper wp-block-button\"><\/div><\/div><\/div>\n<\/div>\n\n\n\n<p>L\u2019avantage important offert par SSH est l\u2019utilisation du cryptage pour assurer le transfert s\u00e9curis\u00e9 d\u2019informations entre l\u2019h\u00f4te et le client. Alors qu\u2019un mot de passe peut \u00e9ventuellement \u00eatre crack\u00e9 avec <a href=\"https:\/\/www.malekal.com\/les-attaques-par-brute-force-cracker-mot-passe\/\">une attaque par force brute<\/a>, les cl\u00e9s SSH sont presque impossibles \u00e0 d\u00e9chiffrer par la seule force brute.<br>Nous allons g\u00e9n\u00e9rer cette paire de cl\u00e9s sous Linux en ligne de commande, et sous <em>Windows<\/em> via <em>PuttyGen<\/em>.<br>Nous allons assurer la protection des transferts de fichiers en utilisant SFTP (FTP par SSH &#8211; Secure Shell).<\/p>\n<\/div>\n<\/div>\n\n\n\n<div class=\"wp-block-uagb-container uagb-block-79de7686\">\n<div class=\"wp-block-uagb-container uagb-block-68d628d8\">\n<div class=\"wp-block-group has-tertiary-background-color has-background is-layout-flow\" style=\"padding-top:0px;padding-right:0px;padding-bottom:0px;padding-left:0px\">\n<div class=\"wp-block-uagb-info-box uagb-block-d9e67c75 uagb-infobox__content-wrap  uagb-infobox_cta-type-all uagb-infobox-icon-above-title uagb-infobox-image-valign-top\"><a href=\"https:\/\/www.webodesign.net\/?page_id=1948\" class=\"uagb-infobox-link-wrap uagb-infbox__link-to-all\" target=\"_self\" aria-label=\"Infobox Link\" rel=\"noopener noreferrer\"><\/a><div class=\"uagb-ifb-content\"><div class=\"uagb-ifb-image-content\"><img decoding=\"async\" src=\"https:\/\/www.webodesign.net\/wp-content\/uploads\/2022\/12\/config-iptables-00.jpg\" alt=\"\" width=\"600\" height=\"360\" loading=\"lazy\"\/><\/div><div class=\"uagb-ifb-title-wrap\"><h3 class=\"uagb-ifb-title\">Firewall &#8211; D\u00e9finition des r\u00e8gles IPtables<\/h3><\/div><div class=\"uagb-ifb-button-wrapper wp-block-button\"><\/div><\/div><\/div>\n<\/div>\n<\/div>\n\n\n\n<div class=\"wp-block-uagb-container uagb-block-fecd37ec\">\n<div class=\"wp-block-group has-tertiary-background-color has-background is-layout-flow\" style=\"padding-top:0px;padding-right:0px;padding-bottom:0px;padding-left:0px\">\n<div class=\"wp-block-uagb-info-box uagb-block-6d2a48cf uagb-infobox__content-wrap  uagb-infobox_cta-type-all uagb-infobox-icon-above-title uagb-infobox-image-valign-top\"><a href=\"https:\/\/www.webodesign.net\/?page_id=1912\" class=\"uagb-infobox-link-wrap uagb-infbox__link-to-all\" target=\"_self\" aria-label=\"Infobox Link\" rel=\"noopener noreferrer\"><\/a><div class=\"uagb-ifb-content\"><div class=\"uagb-ifb-image-content\"><img decoding=\"async\" src=\"https:\/\/www.webodesign.net\/wp-content\/uploads\/2022\/12\/mails-postfix-avec-gmail-00.jpg\" alt=\"\" width=\"600\" height=\"360\" loading=\"lazy\"\/><\/div><div class=\"uagb-ifb-title-wrap\"><h3 class=\"uagb-ifb-title\">Installer un service d&rsquo;envoi de mails<\/h3><\/div><div class=\"uagb-ifb-button-wrapper wp-block-button\"><\/div><\/div><\/div>\n<\/div>\n<\/div>\n<\/div>\n\n\n\n<div class=\"wp-block-uagb-container uagb-block-5d204c71\">\n<div class=\"wp-block-uagb-container uagb-block-805e8a06\">\n<div class=\"wp-block-group has-tertiary-background-color has-background is-layout-flow\" style=\"padding-top:0px;padding-right:0px;padding-bottom:0px;padding-left:0px\">\n<div class=\"wp-block-uagb-info-box uagb-block-83b46941 uagb-infobox__content-wrap  uagb-infobox_cta-type-all uagb-infobox-icon-above-title uagb-infobox-image-valign-top\"><a href=\"https:\/\/www.webodesign.net\/?page_id=1615\" class=\"uagb-infobox-link-wrap uagb-infbox__link-to-all\" target=\"_self\" aria-label=\"Infobox Link\" rel=\"noopener noreferrer\"><\/a><div class=\"uagb-ifb-content\"><div class=\"uagb-ifb-image-content\"><img decoding=\"async\" src=\"https:\/\/www.webodesign.net\/wp-content\/uploads\/2022\/12\/install-lamp-server.jpg\" alt=\"\" width=\"600\" height=\"360\" loading=\"lazy\"\/><\/div><div class=\"uagb-ifb-title-wrap\"><h3 class=\"uagb-ifb-title\">Installation et configuration du serveur Apache<\/h3><\/div><div class=\"uagb-ifb-button-wrapper wp-block-button\"><\/div><\/div><\/div>\n<\/div>\n<\/div>\n\n\n\n<div class=\"wp-block-uagb-container uagb-block-d706b1d3\">\n<div class=\"wp-block-group has-tertiary-background-color has-background is-layout-flow\" style=\"padding-top:0px;padding-right:0px;padding-bottom:0px;padding-left:0px\">\n<div class=\"wp-block-uagb-info-box uagb-block-53e6d336 uagb-infobox__content-wrap  uagb-infobox_cta-type-all uagb-infobox-icon-above-title uagb-infobox-image-valign-top\"><a href=\"https:\/\/www.webodesign.net\/?page_id=1834\" class=\"uagb-infobox-link-wrap uagb-infbox__link-to-all\" target=\"_self\" aria-label=\"Infobox Link\" rel=\"noopener noreferrer\"><\/a><div class=\"uagb-ifb-content\"><div class=\"uagb-ifb-image-content\"><img decoding=\"async\" src=\"https:\/\/www.webodesign.net\/wp-content\/uploads\/2022\/12\/install-wordpress-00.jpg\" alt=\"\" width=\"600\" height=\"360\" loading=\"lazy\"\/><\/div><div class=\"uagb-ifb-title-wrap\"><h3 class=\"uagb-ifb-title\">Installation de WORDPRESS<\/h3><\/div><div class=\"uagb-ifb-button-wrapper wp-block-button\"><\/div><\/div><\/div>\n<\/div>\n<\/div>\n<\/div>\n\n\n\n<div class=\"wp-block-uagb-container uagb-block-ec14c78a\">\n<div class=\"wp-block-uagb-container uagb-block-5681a755\">\n<div class=\"wp-block-group has-tertiary-background-color has-background is-layout-flow\" style=\"padding-top:0px;padding-right:0px;padding-bottom:0px;padding-left:0px\">\n<div class=\"wp-block-uagb-info-box uagb-block-edff8c74 uagb-infobox__content-wrap  uagb-infobox_cta-type-all uagb-infobox-icon-above-title uagb-infobox-image-valign-top\"><a href=\"https:\/\/www.webodesign.net\/?page_id=1615\" class=\"uagb-infobox-link-wrap uagb-infbox__link-to-all\" target=\"_self\" aria-label=\"Infobox Link\" rel=\"noopener noreferrer\"><\/a><div class=\"uagb-ifb-content\"><div class=\"uagb-ifb-image-content\"><img decoding=\"async\" src=\"https:\/\/www.webodesign.net\/wp-content\/uploads\/2022\/12\/gandi-net-ssl-encrypt.jpg\" alt=\"\" width=\"600\" height=\"360\" loading=\"lazy\"\/><\/div><div class=\"uagb-ifb-title-wrap\"><h3 class=\"uagb-ifb-title\">Achat du nom de domaine et passage en https<\/h3><\/div><div class=\"uagb-ifb-button-wrapper wp-block-button\"><\/div><\/div><\/div>\n<\/div>\n<\/div>\n\n\n\n<div class=\"wp-block-uagb-container uagb-block-f23a5850\">\n<div class=\"wp-block-group has-tertiary-background-color has-background is-layout-flow\" style=\"padding-top:0px;padding-right:0px;padding-bottom:0px;padding-left:0px\">\n<div class=\"wp-block-uagb-info-box uagb-block-248a36c0 uagb-infobox__content-wrap  uagb-infobox_cta-type-all uagb-infobox-icon-above-title uagb-infobox-image-valign-top\"><a href=\"https:\/\/www.webodesign.net\/?page_id=2014\" class=\"uagb-infobox-link-wrap uagb-infbox__link-to-all\" target=\"_self\" aria-label=\"Infobox Link\" rel=\"noopener noreferrer\"><\/a><div class=\"uagb-ifb-content\"><div class=\"uagb-ifb-image-content\"><img decoding=\"async\" src=\"https:\/\/www.webodesign.net\/wp-content\/uploads\/2022\/12\/vscode-access-distant-00.jpg\" alt=\"\" width=\"600\" height=\"360\" loading=\"lazy\"\/><\/div><div class=\"uagb-ifb-title-wrap\"><h3 class=\"uagb-ifb-title\">Configuration de VS Code pour d\u00e9velopper \u00e0 distance via SSH<\/h3><\/div><div class=\"uagb-ifb-button-wrapper wp-block-button\"><\/div><\/div><\/div>\n<\/div>\n<\/div>\n<\/div>\n<\/div>\n<\/div><\/div>\n<\/div>\n\n\n\n<div class=\"wp-block-column is-layout-flow\" style=\"flex-basis:22%\">\n\n<div class=\"cleanlogin-container\">\t\t\n\n\t<form class=\"cleanlogin-form\" method=\"post\" action=\"https:\/\/www.webodesign.net\/?page_id=2385\" onsubmit=\"submit.disabled = true; return true;\">\n\t\t\t\n\t\t<fieldset>\n\n\t\t\t\t\t\t<div class=\"cleanlogin-field\">\n                <label for=\"log\">Identifiant<\/label>\n\t\t\t\t<input class=\"cleanlogin-field-username\" type=\"text\" name=\"log\" placeholder=\"Identifiant\" aria-label=\"Identifiant\">\n\t\t\t<\/div>\n\t\t\t\n\t\t\t<div class=\"cleanlogin-field\">\n                <label for=\"pwd\">Mot de passe<\/label>\n\t\t\t\t<input class=\"cleanlogin-field-password\" type=\"password\" id=\"pwd\" name=\"pwd\" placeholder=\"Mot de passe\" aria-label=\"Mot de passe\">\n                <i class=\"bi bi-eye-slash\" id=\"togglePassword\"><\/i>\n\t\t\t<\/div>\n\n\t\t\t\t\t\n\t\t\t<input type=\"hidden\" name=\"clean_login_wpnonce\" value=\"e994c14fba\">\n            \n\t\t\t\t\t<\/fieldset>\n\t\t\n\t\t<fieldset>\n\t\t\t<input class=\"cleanlogin-field\" type=\"submit\" value=\"Se connecter\" name=\"submit\">\n\t\t\t<input type=\"hidden\" name=\"action\" value=\"login\">\n\t\t\t\n\t\t\t<div class=\"cleanlogin-field cleanlogin-field-remember\">\n\t\t\t\t<input type=\"checkbox\" id=\"rememberme\" name=\"rememberme\" value=\"forever\">\n\t\t\t\t<label for=\"rememberme\">Se souvenir de moi\u00a0?<\/label>\n\t\t\t<\/div>\n\t\t<\/fieldset>\n\n\t\t\n\t\t<div class=\"cleanlogin-form-bottom\">\n\t\t\t\n            \n\t\t\t\t\t\t\t\t\t\n\t\t<\/div>\n\t\t\n\t<\/form>\n\n<\/div>\n\n<script>\nconst togglePassword = document.querySelector('#togglePassword');\nconst password = document.querySelector('#pwd');\n\ntogglePassword.addEventListener('click', function (e) {\n    const type = password.getAttribute('type') === 'password' ? 'text' : 'password';\n    password.setAttribute('type', type);\n    this.classList.toggle('bi-eye');\n});\n<\/script>\n<\/div>\n<\/div>\n<\/div><\/div>\n","protected":false},"excerpt":{"rendered":"<p>Abr\u00e9viation du terme Virtual Private Server et traduit en fran\u00e7ais par serveur priv\u00e9 virtuel, le VPS est un mode d\u2019h\u00e9bergement issu de la cat\u00e9gorie de service IaaS. Celui-ci se d\u00e9finit comme LA solution qui convient \u00e0 tous les types de profils. Le serveur virtuel s\u00e9duit pour de nombreuses raisons. Il op\u00e8re comme une machine virtuelle [&hellip;]<\/p>\n","protected":false},"author":3,"featured_media":0,"parent":2,"menu_order":1,"comment_status":"closed","ping_status":"closed","template":"","meta":{"qubely_global_settings":"","qubely_interactions":"","_uag_custom_page_level_css":""},"uagb_featured_image_src":{"full":false,"thumbnail":false,"medium":false,"medium_large":false,"large":false,"1536x1536":false,"2048x2048":false,"qubely_landscape":false,"qubely_portrait":false,"qubely_thumbnail":false},"uagb_author_info":{"display_name":"R\u00e9mi","author_link":"https:\/\/www.webodesign.net\/?author=3"},"uagb_comment_info":0,"uagb_excerpt":"Abr\u00e9viation du terme Virtual Private Server et traduit en fran\u00e7ais par serveur priv\u00e9 virtuel, le VPS est un mode d\u2019h\u00e9bergement issu de la cat\u00e9gorie de service IaaS. Celui-ci se d\u00e9finit comme LA solution qui convient \u00e0 tous les types de profils. Le serveur virtuel s\u00e9duit pour de nombreuses raisons. Il op\u00e8re comme une machine virtuelle\u2026","_links":{"self":[{"href":"https:\/\/www.webodesign.net\/index.php?rest_route=\/wp\/v2\/pages\/658"}],"collection":[{"href":"https:\/\/www.webodesign.net\/index.php?rest_route=\/wp\/v2\/pages"}],"about":[{"href":"https:\/\/www.webodesign.net\/index.php?rest_route=\/wp\/v2\/types\/page"}],"author":[{"embeddable":true,"href":"https:\/\/www.webodesign.net\/index.php?rest_route=\/wp\/v2\/users\/3"}],"replies":[{"embeddable":true,"href":"https:\/\/www.webodesign.net\/index.php?rest_route=%2Fwp%2Fv2%2Fcomments&post=658"}],"version-history":[{"count":76,"href":"https:\/\/www.webodesign.net\/index.php?rest_route=\/wp\/v2\/pages\/658\/revisions"}],"predecessor-version":[{"id":2214,"href":"https:\/\/www.webodesign.net\/index.php?rest_route=\/wp\/v2\/pages\/658\/revisions\/2214"}],"up":[{"embeddable":true,"href":"https:\/\/www.webodesign.net\/index.php?rest_route=\/wp\/v2\/pages\/2"}],"wp:attachment":[{"href":"https:\/\/www.webodesign.net\/index.php?rest_route=%2Fwp%2Fv2%2Fmedia&parent=658"}],"curies":[{"name":"wp","href":"https:\/\/api.w.org\/{rel}","templated":true}]}}